*2 - 6*v + 4. Let t be m(-6). Suppose t*i = 4*u - 5*u + 231, 236 = u + 5*i. Is u a composite number?
False
Suppose 5*h + 123 = 7*k - 3*k, -25 = h - k. Let m = -69 - h. Let q = m + 72. Is q a composite number?
True
Suppose -3*t + 1 = -2. Let l(f) = 32*f + 1. Is l(t) prime?
False
Suppose -l + 3 - 2 = 3*u, -u - 5 = 3*l. Suppose 0 = w - 3 - u. Suppose -w*v = -5*q + 251, -4*q + 3*v = 7*v - 172. Is q a composite number?
False
Let y(m) be the third derivative of m**5/12 + m**4/12 + 2*m**3/3 - m**2. Is y(-5) prime?
False
Let n = 353 + 344. Is n a prime number?
False
Let n = 657 + -104. Is n prime?
False
Let b = 4578 + -1715. Is b a composite number?
True
Let b(a) = -2*a**3 - 7*a**2 + 11*a - 13. Is b(-9) composite?
True
Let o = 602 - 400. Is o composite?
True
Is (-70)/56 - (-6386)/8 prime?
True
Suppose 93 + 3 = -3*u. Let l be (56/u)/(2/(-8)). Suppose 15 = 5*n, g - l - 63 = 3*n. Is g prime?
True
Suppose -4*x = -9*x. Suppose x = 5*g + 5*d - 20, -1 = -d + 3. Is 38 + (0 + g)/3 prime?
False
Let b(q) = q**3 - 3*q**2 - 7*q + 16. Is b(9) a prime number?
True
Is (77/(-3 + 10))/(2/734) a prime number?
False
Let s(u) be the second derivative of 10*u**3/3 - 3*u**2/2 + 5*u. Is s(4) composite?
True
Let b(m) = m**3 + 19*m**2 + 5*m + 2. Let y be b(-18). Suppose -2*h = -5*f - 731, -3*f + 4*f - 3*h = -141. Let c = y + f. Is c a composite number?
False
Suppose -5*c - 736 = 3*w - 3181, 5*c + w - 2445 = 0. Is c a prime number?
False
Let d(u) = -u**3 - 5*u**2 + 5. Let a be d(-5). Let f(o) = 9*o**2 + 4*o + 6. Is f(a) a composite number?
False
Let l(y) = -3*y + 24*y**3 + 0 - 5 + 5 + y**2 + 1. Is l(2) prime?
True
Let x(k) be the third derivative of k**7/420 + k**5/60 - k**4/12 + 2*k**2. Let p(v) be the second derivative of x(v). Is p(-2) a prime number?
False
Let f(z) = 0*z + 24*z - 5 + 0. Suppose 4*d = -5*b - 9, -4*d - 3*b + 26 = -5*b. Is f(d) composite?
True
Suppose -5*i + 575 = -60. Is i a prime number?
True
Suppose 129 = 4*m - 131. Suppose -2*n = -n - m. Is n prime?
False
Is -3*(0 + 1119/(-9)) prime?
True
Suppose c + 2 = -1, 0 = 4*t - 4*c - 1572. Suppose -2*l + 6*l = 388. Suppose 2*p - 3*p + t = 5*o, o + 4*p - l = 0. Is o composite?
True
Suppose -2*s - g + 6 = -0*g, 4*g = -3*s + 14. Let x be (s + -5)*(-2)/6. Suppose 0 = 3*i - b - 79, 0 - x = b. Is i composite?
True
Suppose -651 = -5*b + 4*a, 3*b - a = -2*b + 639. Is b a composite number?
False
Let v(y) = 67*y + 2. Is v(1) a composite number?
True
Let r(n) = 25*n + 11. Is r(8) composite?
False
Suppose 3*m + 2*g - 111 = 0, 85 = 2*m + 7*g - 2*g. Is m composite?
True
Suppose -j + 0*o = -4*o + 16, -2*j - 17 = -3*o. Let z be (-12)/30 + j/(-10). Is (51 - -1) + (1 - z) composite?
False
Let j(k) = -2*k**2 - 7*k + 1. Let w(s) = -2*s**2 - 7*s + 1. Let m(b) = -7*j(b) + 6*w(b). Suppose -9 - 11 = 4*y. Is m(y) composite?
True
Suppose -2*p + 171 = p. Suppose -y = 2*o - p, -4*o + 54 = y - 65. Is o prime?
True
Suppose -46 + 379 = 3*n. Is n a prime number?
False
Suppose 4*q + 2*d = 3636, q + d = 4*d + 895. Is q a prime number?
True
Let u(k) = -6*k**3 + 2*k**2 + 2*k - 2. Let h be u(2). Let r = h + 72. Let n = 67 - r. Is n prime?
False
Let n = 43 + -29. Is n prime?
False
Let w = -17 - -15. Is (-2215)/(-45) + w/9 prime?
False
Suppose -4*p - 179 - 957 = -2*t, -5*t - 568 = 2*p. Let z = 447 + p. Suppose 2*n - z = n. Is n a composite number?
False
Suppose 6*d - 3*d - 75 = 0. Suppose -6*x + d = -x. Suppose x*u - 38 = 37. Is u composite?
True
Suppose -6*f + 439 = -35. Is f a composite number?
False
Suppose 5*x - 1323 = 2*u, 0 = x - 3*u - u - 279. Is x a prime number?
True
Suppose 0 = 4*k - 5 - 3. Suppose -3*v + 4*s + 195 = 0, -22 = 5*v + k*s - 373. Is v a composite number?
True
Let u be (-2)/3*(8 - 11). Suppose 5*n - 21 = -2*y, -u*y + n + 4*n = -11. Let i = y + 6. Is i composite?
True
Let z(r) = 74*r**3 - r. Let j be z(-1). Let w = 9 - j. Is w a prime number?
False
Suppose -5 = -5*w + 5. Is (w - 40)*15/(-6) composite?
True
Let o = -7 + 11. Is (-21)/14 - (-1234)/o a composite number?
False
Let o be (-5)/((-45)/(-6))*-3. Suppose -o*k + 20 = -2*m - k, 20 = -m - 2*k. Is (-17)/(-4) + 3/m composite?
True
Let d be -3377 - -2 - (-2)/2. Is d/(-10) + 16/(-40) composite?
False
Suppose -z = -3*p - 4, -2*z + 1 = p - 7. Suppose p = x + x + 8. Is (4/(-6))/(x/114) prime?
True
Suppose 0 = -4*f - 20, -m + 2*m - f - 27 = 0. Is m composite?
True
Suppose -4*v - 4 = 0, -g - 6*v = -2*v + 634. Is g/(-12) + (-2)/(-4) a composite number?
False
Let s(o) = 4*o**2 + 10*o + 14. Let z be s(11). Let h = -427 + z. Is h a composite number?
False
Let k be 317 + -2 - (3 + -4). Let f = 63 + k. Is f a composite number?
False
Suppose -3*r + 5*p - 443 = 0, 2*r + 2*r + 594 = 5*p. Let t(c) = -c**2 + 16*c + 61. Let l be t(19). Let v = l - r. Is v prime?
False
Let n = 0 - 38. Is (n/6)/(3/(-63)) a composite number?
True
Suppose -5*g + 33145 = 2*g. Is g a prime number?
False
Suppose d = 1, -3*n - 3*d + 76 = -209. Let m(i) = -i**2 + 2*i + 1. Let b be m(-6). Let a = b + n. Is a a composite number?
False
Suppose -4*l + 390 = -2*l + 4*h, 910 = 5*l - 3*h. Is l a composite number?
True
Let o(v) = -751*v**3 - v**2 + 1. Let r be (-9)/7 + 16/56. Is o(r) a composite number?
False
Suppose 4*o + k = -3*k, 0 = 5*o - 2*k - 7. Let s = 3 + o. Suppose s*h = -0*h + 76. Is h a composite number?
False
Let k(h) = -5*h**3 - 2*h**2 + 2. Let j be k(2). Is (-2 - -3)/((-2)/j) a prime number?
True
Suppose 0*y = 5*y - 3*u - 13235, -5294 = -2*y - 4*u. Is y a composite number?
False
Suppose -2*y - 138 = 778. Let l = -247 - y. Is l prime?
True
Let t(j) = -j. Let k be t(1). Is (-2 - k)*-29 - -2 a composite number?
False
Let b be ((-382)/4)/(7/(-14)). Let s = -112 + b. Is s composite?
False
Let u = 297 + 82. Is u composite?
False
Suppose -6*h - 562 = -2788. Is h composite?
True
Suppose f = 3*f. Let u(x) = -x**2 + 127. Is u(f) prime?
True
Let a(u) = -39*u**3 + u**2 + 2*u + 1. Is a(-1) composite?
True
Let b = -1 - -1. Let t(k) be the first derivative of -k**4/4 + k**3/3 + k**2/2 + 22*k + 1. Is t(b) a prime number?
False
Suppose 0*x - 3*v = 2*x - 1117, -3*x - 2*v + 1673 = 0. Is x a composite number?
False
Let l(t) = 65*t**3 + 3*t**2 - 5*t - 1. Is l(2) a prime number?
True
Let h(j) = -j**3 + 10*j**2 - 3*j - 11. Suppose 3*u = -u + 20. Suppose 7 - 28 = -o + 4*s, -2*o + 3 = u*s. Is h(o) composite?
False
Let l = -13 - 5. Let c = 37 + l. Is c a prime number?
True
Let q(y) = 4*y + 9. Suppose -26 - 43 = -3*k. Suppose 3*f - 2*g - k = -4*g, 2*g - 2 = 0. Is q(f) a composite number?
False
Suppose -4*n = -5*i, 0 = n + 3*n + i. Suppose n = -2*c + 173 + 273. Is c a composite number?
False
Let i be (5 + -8)/(6/(-4)). Suppose 5*a + 6 = 3*j, j = -2*a - i*j + 6. Suppose 2*x = -3*w - x + 39, a = -4*w + 3*x + 38. Is w a prime number?
True
Let i(q) = 3*q**3 + 6*q**2 + 7*q + 6. Suppose 5*y = v + 3*y + 8, -y = 4*v + 14. Let l be i(v). Is (0 + -2 - l) + 3 a prime number?
False
Suppose 3*n - 53 = -2*f, -3*n - f - 2 + 60 = 0. Is n prime?
False
Suppose 216 = 5*w - 254. Is w prime?
False
Let u = 2 - -3. Suppose -5*v + 72 = z + 19, -169 = -u*z - v. Is z composite?
True
Suppose x - 5*c - 747 - 941 = 0, 1 = c. Is x prime?
True
Let q(c) be the third derivative of 7*c**6/60 + c**5/20 + c**4/12 + c**3 + 7*c**2. Is q(3) composite?
True
Let t = 255 + -106. Is t a prime number?
True
Let s(k) = 5*k**2 + 2*k - 2. Suppose 0 = -2*r - y + 17, -5*r - y = -2*y - 32. Suppose 5*l = 3 + r. Is s(l) a composite number?
True
Let h = 99 - 26. Suppose -5*i = -2*w + 46, -5*w + i + i + h = 0. Is w a prime number?
True
Is 333/(-6)*14/(-3) composite?
True
Let d be (3/(-5))/((-3)/135). Suppose 0 = -2*f - 5*q + 101, -2*f + 6*f + 5*q = 217. Let p = f - d. Is p composite?
False
Let p = -2832 + 4117. Suppose -2*z = 3*z - p. Is z a composite number?
False
Let x = 307 - 168. Is x a composite number?
False
Let v be (-19)/2 + 1/(-2). Let u(b) = b + 12. Let i be u(v). Suppose -4*r = i*y - 220 + 10, -4 = r. Is y composite?
False
Let p(g) = 2*g**2 + 13*g - 20. Is p(-15) composite?
True
Let d(y) be the second derivative of 2*y**3/3 - 3*y**2/2 - 2*y. Is d(6) prime?
False
Suppose k - 2307 = -4*j, 3646 = 3*k - 3*j - 3350. Is k prime?
False
Let c = -1608 - -3803. Is c a composite number?
True
Let r(w) = 5*w. Let q be r(-1). Let i = 1 + q. Let j(c) = c**3 + 5*c**2 + 4*c + 3. Is j(i) composite?
False